Let k be c(-12). Let g(n) = 7*n**2 + 3*n + 4. Let t(z) = 9*z**2 + z + 3. Let a(d) = -4*g(d) + 3*t(d). Give a(k).
7
Let s(w) = w**3 - 74*w**2 + 66*w + 517. Let z be s(73). Let h(q) = q**2 - 2. Give h(z).
34
Let u(m) = m**3 + 40*m**2 - 42*m - 52. Let g = -19536 + 19495. What is u(g)?
-11
Let o(p) = p**3 + p**2 - 23*p + 21. Let w be o(1). Let s(x) = x + 6. Determine s(w).
6
Let d(u) = 4*u + 47. Let n be d(23). Suppose -k + n = 42. Let t(i) = 61*i - k*i + 58*i. Give t(1).
22
Let w(q) = q**2 - 24*q - 80. Suppose -3*y = 3*x - 69, -3*y = 65 - 53. Give w(x).
1
Let v(n) = n + 12. Let c be -38 + (-8 - -11) - (0 + -4 - 3). What is v(c)?
-16
Let s(w) = -w**3 + 9*w**2 - 7*w - 1. Let y be ((-56)/77)/((-9)/99). Give s(y).
7
Let f(a) = a + 10. Suppose -19*i = -21*i + 4. Suppose -i + 101 = -9*y. Calculate f(y).
-1
Suppose j - 6*j = -140. Suppose 4*a - j = -2*h, 2*h - 7*h + 10 = -2*a. Suppose 4*c + k = 3, 4*c + a - 13 = 4*k. Let m(i) = 9*i + 1. What is m(c)?
10
Let i(s) = -2*s**3 + 6*s**2 - 14*s. Let r(v) = -v**3 + 7*v**2 - 13*v - 1. Let c(x) = 2*i(x) - 3*r(x). Let a = -12 + 2. Give c(a).
-7
Let d(z) = 39*z - 5. Let n = 15131 + -15130. Calculate d(n).
34
Let r = -16 - -17. Let h be r - (3 + (-16)/4). Let p(c) = -c. Let b(f) = 11*f - 3. Let t(o) = -b(o) - 6*p(o). Determine t(h).
-7
Let o(q) be the second derivative of 2 + 1/12*q**4 + 3/2*q**3 + 14*q - 5*q**2. What is o(-10)?
0
Let a(i) = i + 2. Let d be 576/80 + 4/5. Suppose -3*o = -d*o - 10. Let c(m) = -5*m**2 - 7*m - 4. Let p be c(o). Determine a(p).
-8
Let l(v) be the second derivative of v**3/6 + 3*v**2/2 + 367*v. Let p be 10/(-4)*(-14)/35. Suppose p - 19 = -6*i. Give l(i).
6
Let w(d) be the second derivative of -d**4/12 + d**3/6 + 13*d**2/2 - 4322*d. Calculate w(3).
7
Let t(q) be the first derivative of -q**4/4 + 3*q - 1. Suppose 3*s = 3*m, -15*s = -11*s - 8*s + m. Calculate t(s).
3
Let k be (2/(-6))/((-7)/21). Let f(g) = -k - 11 + g - 5 + 23. Determine f(-10).
-4
Let m(x) = -3*x**2 - 7*x - 9. Let b(h) = -4*h**2 - 6*h - 8. Let p(v) = 4*b(v) - 5*m(v). Suppose -2222*k + 2271*k = 490. What is p(k)?
23
Let x(j) = j + 6. Let r(v) = v**3 + 28*v**2 - 4*v - 107. Let p be r(-28). Suppose 25 = -p*t - 10. Calculate x(t).
-1
Let t be -9 + (126 + -127)/(2/(-20)). Let l(a) = -8*a**2 + a + 1. What is l(t)?
-6
Suppose 7*m - p = 57, 5*p + 0 = -4*m + 27. Let j(k) = -35*k + 281. What is j(m)?
1
Let s(g) = g + 689. Let u(p) = -111. Let d(j) = -s(j) - 6*u(j). Calculate d(-11).
-12
Let g be 1 + 24/8 + 7. Suppose i + i = 3*v, 0 = -v - 3*i + g. Let u(b) = -b**2 + 2*b + 1. Calculate u(v).
1
Let f(n) be the second derivative of -n**5/20 - n**4/6 + n**3/3 + n**2 + n. Suppose b = 3*h + 213, -3*b + 0*b = 2*h - 606. Let s = b + -202. What is f(s)?
-10
Let a(t) = 17 - 243*t**2 - 113*t**2 + 361*t**2 - t. Give a(5).
137
Let r(i) = -i**2 + 7*i - 6. Let v be ((-392)/(-84))/((-1)/(-30)). Suppose 16*f - v = -28. Determine r(f).
-6
Suppose -g = 4 - 2. Let m = -2 - g. Let z(t) = -38*t**3 + t**2 + 26*t + 20. Let w(s) = 41*s**3 - s**2 - 28*s - 22. Let o(q) = 13*w(q) + 14*z(q). Determine o(m).
-6
Let g(l) = 3*l - 10. Let z(k) = 5*k - 15. Suppose 10*u - 62 = -552. Let s be (-1 - u/14)/(1/2). Let w(p) = s*z(p) - 8*g(p). What is w(0)?
5
Let d(q) = -3*q**2 - 8*q - 5. Suppose -5*r = -5*w - 90, 3*r + 3*w - 44 = w. Suppose 44 + 36 = -r*u. What is d(u)?
-40
Let f(g) = -49 + 94 - 44. Let c(d) = d**2 - 6*d - 2. Let h(l) = c(l) - 3*f(l). Let u be 54/8 - 3/(-12). Give h(u).
2
Let x(l) = l**3 - 26*l**2 + 24*l + 23. Let y = -453 - -478. Determine x(y).
-2
Let h be (-11 + 13)/(4/10) - 1. Let k(c) = 2 + 4 - 8 + h + c. What is k(1)?
3
Let g(y) be the second derivative of -y**2/2 + 7*y. Let t(d) be the third derivative of d**4/12 - 5*d**3/6 - 7*d**2. Let c(f) = -4*g(f) + t(f). Give c(-4).
-9
Let n(v) be the first derivative of -v**2 + v**2 + 132 - v**2 + 11*v + 8*v + 0*v. Give n(7).
5
Let v(o) = -o - 12. Suppose -2*x + 5*b = -5, -3*x = 2*x + 3*b + 3. Suppose 4*s - 12 = x, -3*l - 5*s + 5 = 8. Determine v(l).
-6
Let z(o) = -o**2 - 7*o - 6. Let k = 185 + -123. Suppose k*x + 45 = 53*x. Give z(x).
4
Let n(f) be the second derivative of -f**5/20 + 5*f**4/12 - f**3/2 + 6*f**2 - 559*f. What is n(5)?
-3
Suppose 72*r - 12 = 71*r. Let u be (3/r)/((-8)/(-32)). Let m(q) = -1. Let p(x) = -2*x**2 + 4. Let j(w) = -3*m(w) - p(w). What is j(u)?
1
Let d(z) = 27*z**3 - 37*z**2 + 40*z - 4. Let l(b) = -11*b**3 + 20*b**2 - 21*b. Let n(w) = -2*d(w) - 5*l(w). Give n(25).
8
Suppose -40 = 5*a + 5*y, -144 + 154 = -2*a - 5*y. Let f(z) = z**3 + 9*z**2 - 11*z - 4. Give f(a).
6
Let c(b) = b + 115. Let h(x) = -36*x - 690. Let o(q) = -6*c(q) - h(q). Suppose v = -v + 2. Give o(v).
30
Let z(s) be the first derivative of -3*s**2 - 134 - 1/3*s**3 + 0*s. What is z(-4)?
8
Let w(s) be the third derivative of s**6/120 + 7*s**5/30 + 5*s**4/12 - 8*s**3/3 + 28*s**2 + 24*s. Determine w(-13).
23
Suppose 3*y + 22 = 52. Let x(t) = -53*t + 23*t + 31*t + 7. What is x(y)?
17
Let r = 984 + -980. Let w(n) be the third derivative of 0*n**3 + 12*n**2 + 0 - 1/24*n**r + 0*n. What is w(5)?
-5
Let d(f) = -7*f**3 - 5*f - 5. Let y(v) = 0 - 1 - 2*v + 10*v - v**3 - 9*v. Let n(b) = d(b) - 6*y(b). Suppose 8*s - 3*s = 5*r + 10, 3 = -2*r + s. What is n(r)?
1
Let y(w) = -8357 + 3*w - 8367 + 16735. Calculate y(-5).
-4
Let k(i) = -22*i**3 + 26*i**2 - 23*i - 103. Let f(x) = 3*x**3 - x**2 + 4*x + 1. Let d(v) = -7*f(v) - k(v). Calculate d(19).
1
Let c(i) = -20*i + 53. Let w(k) = -384*k + 1011. Let v(q) = 39*c(q) - 2*w(q). What is v(3)?
9
Let f be (-3)/(-6) + (-5)/(50/(-5035)). Let n = 513 - f. Let i(x) = -x**2 + 6*x + 7. Determine i(n).
-20
Let p(k) = -4*k + k + 1 - k**2 - k. Suppose -21 = 159*s - 156*s. What is p(s)?
-20
Let v be 4/((-28)/(-91)) - (41 - 16). Let x(b) = b**3 + 13*b**2 + 6*b - 75. What is x(v)?
-3
Let n(z) = -5*z**2 + 47*z + 3. Let w(b) = 2*b**2 - 26*b - 2. Let x(s) = -3*n(s) - 7*w(s). Give x(-41).
5
Let f(r) = -1518*r**2 + 6*r - 7*r + 764*r**2 + 753*r**2 - 1. Calculate f(2).
-7
Let u be (-684)/117 - 2/(-39)*-3. Let w be 2 - (2/(-1) + 2 - u). Let z(y) = y + 2. Let s(p) = -2*p - 4. Let v(q) = 2*s(q) + 5*z(q). Give v(w).
-2
Let h(m) be the third derivative of -3*m**5/40 + m**4/4 + 175*m**3/6 - 58*m**2. Let j(t) be the first derivative of h(t). What is j(5)?
-39
Let l = 18 - 8. Let t(i) = 11*i**2 - 88*i + 92. Let y(m) = 5*m**2 - 40*m + 41. Let f(v) = -9*t(v) + 20*y(v). What is f(l)?
12
Suppose -21*o + 24*o + 75 = 0. Let x be ((-2)/5)/2 + (-55)/o. Let m(d) = 7*d - 5*d + 3*d - 1 + x*d - 2*d**2. Determine m(5).
-16
Let r(p) = 287*p**2 - 278*p - 286*p**2 + 276*p - 5. Calculate r(8).
43
Suppose 0 = -23*u + 30 + 108. Let s(n) = 4*n - n - 2735 - u*n**2 + 2732 + n**3 - n. What is s(6)?
9
Let l be 0 - (-14 + 2 + -4). Let b = -20 + l. Let w(h) be the second derivative of -h**5/20 - h**4/3 - h**3/2 - 5*h**2/2 + 3*h - 13. Give w(b).
7
Let f(u) = 7*u**3 - 2*u - 1. Suppose -8*w = -5*w + w. Suppose -c + l = w, -c - 4*l + 18 = 4*c. Let s = c - 3. Give f(s).
-6
Let y(g) = 2*g - g - 4 - 8*g + g + 5*g. Determine y(2).
-6
Let l(r) = -3*r**2 + 6 + 21 - r**3 - r**2 + 11 - 68. Determine l(-6).
42
Suppose -4*x - 33 = -k, 33*x - 5*k + 60 = 28*x. Let z(c) = -c - 3. What is z(x)?
4
Let k = -88 + 95. Let v(i) = 6*i + 6. Let a(h) = 5*h + 5. Let q(o) = -7*a(o) + 6*v(o). Let z(s) = 3*s - 6. Let l(f) = 2*q(f) - z(f). Determine l(k).
1
Let n(v) be the second derivative of v**5/60 - v**4/12 - 67*v**2/2 - 39*v - 2. Let m(r) be the first derivative of n(r). Determine m(2).
0
Let s(q) = -q**3 - 7*q**2 - q - 4. Let c = -80 - -80. Suppose 5*d - 15 = c, -3*d = -2*j - j - 30. What is s(j)?
3
Let p(x) = -6*x**2 + 4*x**3 - 3*x**3 + 0 - x**2 + 1. Let g be p(7). Let l(u) = 13*u**2 + 27*u**2 - u - 41*u**2 + 23*u**2. Determine l(g).
21
Suppose 2*v + 432 = -6*v. Let d = 55 + v. Let a = d - 2. Let s(w) = -6*w**2. Calculate s(a).
-6
Let u(n) = 8*n + 121. Suppose 0 = p + 3*z - 33 + 59, 184 = -12*p - 4*z. Determine u(p).
9
Let b(g) = -7*g - 25. Suppose -5*a + w = 39, 0 = -73*a + 76*a - 4*w + 20. Calculate b(a).
31
Let k be 42/2 + 612/(-51). Let l(p) = p**2 - 6*p - 1. Give l(k).
26
Let a(w) = -w**2 - w - 1. Let u(b) = -b**3 + 4*b**2 + 3*b + 5. Let f(o) = a(o) + u(o). Let i(t) = -t**2 - 10*t - 20. Let v be i(-4). Determine f(v).
-4
Let v(c) = -c**3 + 9*c**2 - 9*c - 4. Let z